950 and 744550.
50
What is the highest common divisor of 19467 and 26289102?
2163
Calculate the greatest common factor of 163648 and 38978908.
10228
Calculate the greatest common factor of 373824 and 1236.
12
Calculate the highest common factor of 118551121 and 26.
13
What is the highest common divisor of 68676332 and 172?
172
Calculate the greatest common factor of 840056897 and 94.
47
What is the greatest common divisor of 7250 and 296000?
250
Calculate the greatest common factor of 4456662 and 112.
14
Calculate the highest common factor of 8234131 and 17824.
557
Calculate the greatest common factor of 184465 and 79474.
79
Calculate the highest common factor of 3449608 and 3016.
232
What is the highest common divisor of 14289 and 313203?
33
Calculate the greatest common divisor of 496986 and 74130.
42
What is the greatest common divisor of 18168 and 9528?
24
Calculate the highest common divisor of 5027666 and 418.
38
What is the highest common divisor of 1115352 and 444024?
504
Calculate the highest common factor of 82682626 and 26.
26
What is the highest common factor of 30340347 and 813?
813
Calculate the greatest common divisor of 456 and 1369018400.
152
What is the greatest common factor of 376274043 and 26392?
3299
What is the greatest common divisor of 665170834 and 857?
857
What is the highest common factor of 97075 and 3995607?
3883
What is the highest common factor of 560 and 1501732?
4
What is the highest common divisor of 705459 and 489035?
2081
What is the greatest common factor of 195506950 and 226?
226
What is the highest common divisor of 290253937 and 6031?
6031
What is the greatest common divisor of 123910 and 38330?
10
Calculate the greatest common factor of 5558611 and 8347.
491
Calculate the highest common divisor of 1827 and 64477266.
609
Calculate the greatest common divisor of 38905 and 704351.
31
What is the greatest common factor of 19493241 and 159?
159
What is the highest common divisor of 1098937 and 7511?
259
What is the greatest common divisor of 2448 and 724779972?
612
What is the highest common factor of 777120 and 928?
32
What is the highest common factor of 2683500 and 6000?
1500
What is the greatest common divisor of 5 and 42616655?
5
What is the greatest common divisor of 90959518 and 5239?
5239
What is the greatest common factor of 404287 and 29737?
227
What is the greatest common factor of 89794204 and 153?
17
Calculate the greatest common factor of 909 and 1739624.
101
What is the highest common divisor of 418907584 and 804?
268
Calculate the highest common divisor of 450 and 15358581.
9
Calculate the greatest common factor of 476400 and 112.
16
Calculate the highest common factor of 3001523 and 20272.
1267
Calculate the highest common divisor of 35121832 and 24.
8
What is the greatest common factor of 1586204782 and 5438?
5438
Calculate the greatest common factor of 1555772 and 1002.
334
What is the highest common factor of 247 and 417774793?
19
What is the highest common factor of 7526 and 598476?
106
What is the greatest common divisor of 82513660 and 2532?
844
What is the greatest common factor of 2081982 and 15561?
399
Calculate the greatest common factor of 4674852 and 2912.
364
Calculate the greatest common factor of 5682810 and 378.
42
What is the highest common divisor of 26 and 138594742?
26
Calculate the greatest common factor of 20 and 215016370.
10
What is the highest common divisor of 14681539 and 2681?
383
Calculate the highest common factor of 115 and 1234939.
23
What is the greatest common divisor of 300120 and 37556?
164
Calculate the greatest common factor of 1051 and 82209220.
1051
Calculate the greatest common divisor of 29011820 and 1660.
1660
Calculate the greatest common divisor of 29393595 and 595.
595
What is the greatest common factor of 10452 and 31991964?
804
Calculate the highest common divisor of 168 and 244146.
42
Calculate the highest common divisor of 931 and 64984199.
133
Calculate the greatest common factor of 6169 and 5260514.
31
Calculate the greatest common factor of 584479890 and 3162.
3162
What is the greatest common factor of 4620 and 25949700?
420
What is the greatest common factor of 349504 and 3616?
32
Calculate the highest common divisor of 1851827 and 443581.
1649
What is the highest common divisor of 26066767 and 3431?
73
Calculate the highest common factor of 31644862 and 62.
62
What is the highest common divisor of 17711224 and 20072?
1544
What is the highest common divisor of 29232 and 134253?
63
What is the greatest common factor of 64 and 2280016?
16
What is the greatest common factor of 4186 and 1217398?
182
What is the highest common factor of 553625153 and 577?
577
Calculate the greatest common divisor of 917 and 174764611.
917
Calculate the greatest common factor of 62 and 15443611.
31
Calculate the greatest common factor of 258053 and 212266.
211
Calculate the highest common factor of 4024 and 21817625.
503
Calculate the greatest common factor of 1056 and 30431577.
33
Calculate the greatest common factor of 91836797 and 13.
13
Calculate the highest common divisor of 97464 and 12984.
24
What is the greatest common factor of 214 and 6367?
1
What is the greatest common factor of 112 and 29660792?
56
What is the greatest common divisor of 9030974 and 18?
2
What is the highest common factor of 2 and 2347001?
1
Calculate the greatest common divisor of 516 and 30069642.
258
Calculate the highest common factor of 2222325 and 27639.
747
What is the highest common divisor of 3060 and 105221670?
510
What is the greatest common divisor of 56 and 46047673?
7
Calculate the greatest common divisor of 2498060 and 1856.
116
Calculate the highest common factor of 1329210 and 16281.
243
Calculate the greatest common factor of 12 and 2684468.
4
Calculate the greatest common factor of 960 and 296645760.
960
What is the greatest common factor of 972 and 1872801?
243
Calculate the greatest common factor of 4455 and 3277923.
33
Calculate the greatest common factor of 631086300 and 10.
10
Calculate the highest common factor of 1888848 and 2106.
234
What is the highest common factor of 6079942 and 21296?
22
What is the greatest common divisor of 4702663 and 134?
67
Calculate the highest common divisor of 822203 and 61447.
43
What is the greatest common factor of 16880 and 7337360?
80
What is the highest common divisor of 583 and 3902756?
11
Calculate the greatest common divisor of 32123 and 59423.
91
Calculate the greatest common divisor of 74286456 and 43.
43
What is the highest common divisor of 4269 and 6665332?
1423
What is the highest common divisor of 8202665 and 205?
205
What is the greatest common factor of 333 and 8716941?
333
What is the greatest common factor of 600429 and 41817?
789
What is the greatest common divisor of 51603288 and 792?
264
What is the greatest common divisor of 1941 and 8697621?
1941
Calculate the greatest common divisor of 899904 and 101824.
2752
What is the greatest common factor of 37821 and 30807?
21
Calculate the highest common divisor of 1273765128 and 96.
24
Calculate the highest common factor of 608036625 and 270.
135
What is the highest common factor of 242811 and 5338?
17
What is the greatest common factor of 18723386 and 1276?
638
Calculate the highest common divisor of 26130673 and 30834.
571
What is the highest common factor of 56376 and 505440?
1944
Calculate the greatest common factor of 429 and 8889067.
11
Calculate the highest common divisor of 3524123 and 889.
127
Calculate the highest common divisor of 1598 and 12973974.
94
Calculate the highest common divisor of 1652695 and 178180.
755
What is the greatest common divisor of 27366879 and 2769?
213
Calculate the highest common factor of 79533958 and 536.
134
What is the greatest common divisor of 580440 and 101640?
840
Calculate the greatest common factor of 1786335 and 545.
5
Calculate the greatest common factor of 9932 and 242.
2
What is the highest common factor of 682 and 159697461?
341
What is the greatest common factor of 87 and 88874067?
87
What is the highest common divisor of 24 and 310968636?
12
Calculate the greatest common factor of 29898938 and 16094.
1238
Calculate the greatest common divisor of 2052716 and 20.
4
What is the highest common factor of 2853